{"id":123,"date":"2022-05-23T13:55:40","date_gmt":"2022-05-23T13:55:40","guid":{"rendered":"http:\/\/staging.dekoratyviniaiaugalai.lt\/?page_id=123"},"modified":"2026-04-08T11:05:44","modified_gmt":"2026-04-08T11:05:44","slug":"apie-mus","status":"publish","type":"page","link":"https:\/\/staging.dekoratyviniaiaugalai.lt\/index.php\/apie-mus\/","title":{"rendered":"Apie mus"},"content":{"rendered":"<strong>Istorija<\/strong>\n\n<!-- \/wp:paragraph --><!-- wp:paragraph -->\n\nLiepori\u0173 medelynas nuo pat jo \u012fk\u016brimo prad\u017eios 2006 m. tapo vienu did\u017eiausiu medelynu \u0160iauli\u0173 kra\u0161te \/ apskrityje ne tik u\u017eimamu plotu, bet ir si\u016blomu dekoratyvini\u0173 augal\u0173 asortimentu.\n\n<!-- \/wp:paragraph --><!-- wp:paragraph -->\n\nMedelynas yra tik 800 m. u\u017e \u0160iauli\u0173 miesto ribos va\u017eiuojant Bubi\u0173 gyvenviet\u0117s kryptimi. Tai labai judri ir patogi susisiekti vieta. Tod\u0117l \u010dia netr\u016bksta lankytoj\u0173, norin\u010di\u0173 ne tik i\u0161sirinkti k\u0105 nors aplinkos papuo\u0161imui, bet ir turiningai praleisti laisvalaik\u012f: pasivaik\u0161\u010dioti, pasikonsultuoti su patyrusiais medelyno konsultantais bei pagilinti dekoratyvinio aplinkos tvarkymo \u017einias temini\u0173 rengini\u0173 metu.\n\n<!-- \/wp:paragraph --><!-- wp:paragraph -->\n\nLiepori\u0173 medelyno darbuotojai \u2013 tarsi nedidel\u0117 \u0161eima, kurios kiekvienas narys turi sukaup\u0119s didel\u0119 klient\u0173 aptarnavimo patirt\u012f. J\u016bs galite jausti j\u0173 pasidid\u017eiavim\u0105 savo darbu ir tuo, k\u0105 pad\u0117jo sukurti per tok\u012f trump\u0105 laik\u0105.\n\n<!-- \/wp:paragraph --><!-- wp:paragraph -->\n\n\u0160ioje draugi\u0161koje, pa\u017e\u012fstam\u0173 medelyno darbuotoj\u0173 veid\u0173, atmosferoje klientai jau\u010diasi tarsi namuose. Ta\u010diau \u0161is jausmas ne vienintelis. Jaudulys, nujautimas ka\u017eko naujo, netik\u0117to \u2013 tai kitas jausmas, kuris apima kiekvien\u0105 kart\u0105 va\u017eiuojant pas mus. Tai &#8211; tod\u0117l, kad Liepori\u0173 medelyne viskas kinta, nes mes stengiames pranokti j\u016bs\u0173 l\u016bkes\u010dius.\n\n<!-- \/wp:paragraph --><!-- wp:paragraph -->\n\n<strong>Misija<\/strong>\n\n<!-- \/wp:paragraph --><!-- wp:paragraph -->\n\nMes esame tam, kad dekoratyvinis aplinkos tvarkymas tapt\u0173 lengvai prieinama , s\u0117kminga, d\u017eiaugsm\u0105 teikianti ir \u012ftraukianti veikla visiems \u017emon\u0117ms, nepriklausomai nuo j\u0173 patirties \u0161ioje srityje: meg\u0117jams, labai patyrusiems sodininkams bei kompleksini\u0173 aplinkos tvarkymo sprendim\u0173 ie\u0161kantiems vald\u0173 savininkams.\n\n<!-- \/wp:paragraph --><!-- wp:paragraph -->\n\n<strong>Vizija<\/strong>\n\n<!-- \/wp:paragraph --><!-- wp:paragraph -->\n\nSiekiame tapti profesionaliausiu ir did\u017eiausi\u0105 asortiment\u0105 si\u016blan\u010diu dekoratyvaus aplinkos tvarkymo centru &#8211; vieta, kurioje \u012fkv\u0117pimo, aplinkos tobulinimo \u017eini\u0173 ir pasitik\u0117jimo semiasi ne tik \u0160iauli\u0173, bet ir Lietuvos did\u017ei\u0173j\u0173 miest\u0173 klientai.\n\n<style>\/*! elementor - v3.6.5 - 27-04-2022 *\/<br \/>\n.elementor-widget-image{text-align:center}.elementor-widget-image a{display:inline-block}.elementor-widget-image a img[src$=\".svg\"]{width:48px}.elementor-widget-image img{vertical-align:middle;display:inline-block}<\/style>\t\t\t\t\t\t\t\t\t\t\t\t<img width=\"1024\" height=\"434\" src=\"https:\/\/staging.dekoratyviniaiaugalai.lt\/wp-content\/uploads\/2022\/05\/Medelynas_01-1-1024x434.jpg\" alt=\"\" loading=\"lazy\" srcset=\"https:\/\/staging.dekoratyviniaiaugalai.lt\/wp-content\/uploads\/2022\/05\/Medelynas_01-1-1024x434.jpg 1024w, https:\/\/staging.dekoratyviniaiaugalai.lt\/wp-content\/uploads\/2022\/05\/Medelynas_01-1-300x127.jpg 300w, https:\/\/staging.dekoratyviniaiaugalai.lt\/wp-content\/uploads\/2022\/05\/Medelynas_01-1-768x326.jpg 768w, https:\/\/staging.dekoratyviniaiaugalai.lt\/wp-content\/uploads\/2022\/05\/Medelynas_01-1-1536x651.jpg 1536w, https:\/\/staging.dekoratyviniaiaugalai.lt\/wp-content\/uploads\/2022\/05\/Medelynas_01-1-2048x869.jpg 2048w, https:\/\/staging.dekoratyviniaiaugalai.lt\/wp-content\/uploads\/2022\/05\/Medelynas_01-1-1x1.jpg 1w\" sizes=\"(max-width: 1024px) 100vw, 1024px\">","protected":false},"excerpt":{"rendered":"<p>Istorija Liepori\u0173 medelynas nuo pat jo \u012fk\u016brimo prad\u017eios 2006 m. tapo vienu did\u017eiausiu medelynu \u0160iauli\u0173 kra\u0161te \/ apskrityje ne tik u\u017eimamu plotu, bet ir si\u016blomu dekoratyvini\u0173 augal\u0173 asortimentu. Medelynas yra tik 800 m. u\u017e \u0160iauli\u0173 miesto ribos va\u017eiuojant Bubi\u0173 gyvenviet\u0117s kryptimi. Tai labai judri ir patogi susisiekti vieta. Tod\u0117l \u010dia netr\u016bksta lankytoj\u0173, norin\u010di\u0173 ne tik [&hellip;]<\/p>\n","protected":false},"author":1,"featured_media":0,"parent":0,"menu_order":0,"comment_status":"closed","ping_status":"closed","template":"elementor_header_footer","meta":{"om_disable_all_campaigns":false,"_monsterinsights_skip_tracking":false,"_monsterinsights_sitenote_active":false,"_monsterinsights_sitenote_note":"","_monsterinsights_sitenote_category":0},"_links":{"self":[{"href":"https:\/\/staging.dekoratyviniaiaugalai.lt\/index.php\/wp-json\/wp\/v2\/pages\/123"}],"collection":[{"href":"https:\/\/staging.dekoratyviniaiaugalai.lt\/index.php\/wp-json\/wp\/v2\/pages"}],"about":[{"href":"https:\/\/staging.dekoratyviniaiaugalai.lt\/index.php\/wp-json\/wp\/v2\/types\/page"}],"author":[{"embeddable":true,"href":"https:\/\/staging.dekoratyviniaiaugalai.lt\/index.php\/wp-json\/wp\/v2\/users\/1"}],"replies":[{"embeddable":true,"href":"https:\/\/staging.dekoratyviniaiaugalai.lt\/index.php\/wp-json\/wp\/v2\/comments?post=123"}],"version-history":[{"count":11,"href":"https:\/\/staging.dekoratyviniaiaugalai.lt\/index.php\/wp-json\/wp\/v2\/pages\/123\/revisions"}],"predecessor-version":[{"id":259,"href":"https:\/\/staging.dekoratyviniaiaugalai.lt\/index.php\/wp-json\/wp\/v2\/pages\/123\/revisions\/259"}],"wp:attachment":[{"href":"https:\/\/staging.dekoratyviniaiaugalai.lt\/index.php\/wp-json\/wp\/v2\/media?parent=123"}],"curies":[{"name":"wp","href":"https:\/\/api.w.org\/{rel}","templated":true}]}}